{"id":1035,"date":"2016-09-26T15:44:35","date_gmt":"2016-09-26T13:44:35","guid":{"rendered":"https:\/\/www.darnet-design.com\/yacht-design\/?page_id=1035"},"modified":"2017-02-27T11:17:57","modified_gmt":"2017-02-27T10:17:57","slug":"mentions-legales","status":"publish","type":"page","link":"https:\/\/www.darnet-design.com\/yacht-design\/mentions-legales\/","title":{"rendered":"Mentions l\u00e9gales"},"content":{"rendered":"<p>[et_pb_section admin_label=\u00a0\u00bbsection\u00a0\u00bb][et_pb_row admin_label=\u00a0\u00bbrow\u00a0\u00bb][et_pb_column type=\u00a0\u00bb4_4&Prime;][et_pb_text admin_label=\u00a0\u00bbMentions l\u00e9gales\u00a0\u00bb background_layout=\u00a0\u00bblight\u00a0\u00bb text_orientation=\u00a0\u00bbcenter\u00a0\u00bb text_text_color=\u00a0\u00bb#000000&Prime; use_border_color=\u00a0\u00bboff\u00a0\u00bb border_color=\u00a0\u00bb#ffffff\u00a0\u00bb border_style=\u00a0\u00bbsolid\u00a0\u00bb custom_margin=\u00a0\u00bb||0px|\u00a0\u00bb module_class=\u00a0\u00bbfontfuturacelight\u00a0\u00bb text_font_size=\u00a0\u00bb50&Prime;]<\/p>\n<p>MENTIONS LEGALES<\/p>\n<p>[\/et_pb_text][et_pb_text admin_label=\u00a0\u00bbTexte\u00a0\u00bb background_layout=\u00a0\u00bblight\u00a0\u00bb text_orientation=\u00a0\u00bbleft\u00a0\u00bb use_border_color=\u00a0\u00bboff\u00a0\u00bb border_color=\u00a0\u00bb#ffffff\u00a0\u00bb border_style=\u00a0\u00bbsolid\u00a0\u00bb custom_margin=\u00a0\u00bb50px|||\u00a0\u00bb]<\/p>\n<p><strong>Conditions g\u00e9n\u00e9rales d&rsquo;utilisation<\/strong><\/p>\n<p>L&rsquo;utilisation de ce site Web constitue votre acceptation des conditions g\u00e9n\u00e9rales et mentions d&rsquo;avertissement. Vous vous engagez \u00e0 ne pas utiliser ce site \u00e0 des fins illicites ou interdites par les lois ou par les mentions l\u00e9gales et contractuelles. Pour contacter le WebMaster si vous avez rep\u00e9r\u00e9 une anomalie ou si vous souhaitez entrer en contact avec le gestionnaire principal du site en utilisant le formulaire de contact.<\/p>\n<p><strong>Contenu<\/strong><\/p>\n<p>Les informations fournies sur ce site le sont \u00e0 titre informatif. Darnet Design ne saurait garantir l&rsquo;exactitude, la compl\u00e9tude, l&rsquo;actualit\u00e9 des informations diffus\u00e9es sur le site. Les informations de ce site peuvent contenir des inexactitudes techniques ou des erreurs typographiques. Ces informations peuvent \u00eatre p\u00e9riodiquement modifi\u00e9es et les modifications seront incorpor\u00e9es dans les nouvelles \u00e9ditions.<br \/>\nDarnet Design peut, \u00e0 tout moment, sans pr\u00e9avis, apporter des am\u00e9liorations ou des changements aux produits, aux services d\u00e9crits sur ce site. Toute reproduction, repr\u00e9sentation, modification, publication,<br \/>\ntransmission, d\u00e9naturation, totale ou partielle du site ou de son contenu, par quelque proc\u00e9d\u00e9 que ce soit, et sur quelque support que ce soit est interdite. Toute exploitation non autoris\u00e9e du site ou de son contenu, des informations qui y sont divulgu\u00e9es engagerait la responsabilit\u00e9 de l&rsquo;utilisateur et constituerait une contrefa\u00e7on sanctionn\u00e9e par les articles L 335-2 et suivants du Code de la Propri\u00e9t\u00e9 Intellectuelle.<\/p>\n<p><strong>Marque et Propri\u00e9t\u00e9 intellectuelle<\/strong><\/p>\n<p>Darnet Design est une marque d\u00e9pos\u00e9e. Toute reproduction ou repr\u00e9sentation totale ou partielle de cette marque, seule ou int\u00e9gr\u00e9e \u00e0 d&rsquo;autres \u00e9l\u00e9ments, sans l&rsquo;autorisation expresse et pr\u00e9alable de Darnet Design est prohib\u00e9e, et engagerait la responsabilit\u00e9 de l&rsquo;utilisateur au sens des articles L 713-2 et L 713-3 du Code de la Propri\u00e9t\u00e9 Intellectuelle.<br \/>\nLa structure g\u00e9n\u00e9rale, les textes, photographies, ic\u00f4nes, images et tous les \u00e9l\u00e9ments composant le site Web de la soci\u00e9t\u00e9 Darnet Design, sont prot\u00e9g\u00e9s et rel\u00e8vent de la l\u00e9gislation fran\u00e7aise sur les droits d&rsquo;auteur et la propri\u00e9t\u00e9 intellectuelle. Tous les droits de reproduction sont r\u00e9serv\u00e9s, y compris pour les documents t\u00e9l\u00e9chargeables (plaquettes commerciales, documentations techniques\u2026). Les informations pr\u00e9sent\u00e9es sur le site darnet-design.fr sont publiques. Elles ne peuvent \u00eatre utilis\u00e9es \u00e0 des fins commerciales ou publicitaires.<br \/>\nLes contenus (textes, images, sons, audiovisuels ou autres\u2026) de darnet-design.fr sont la propri\u00e9t\u00e9 de Darnet Design.<br \/>\nCes contenus sont offerts \u00e0 la consultation mais ne sont pas libres de droits. Certains travaux expos\u00e9s dans le portfolio sur ce site sont la propri\u00e9t\u00e9 exclusive de leurs d\u00e9tenteurs respectifs.<\/p>\n<p><strong>Liens hypertextes<\/strong><\/p>\n<p>Le site darnet-design.fr donne acc\u00e8s \u00e0 d&rsquo;autres sites via des liens hypertextes. Darnet Design n&rsquo;\u00e9tant pas le gestionnaire de ces sites, il ne peut en contr\u00f4ler le contenu. En cons\u00e9quence, Darnet Design ne pourra en aucun cas \u00eatre tenu pour responsable du contenu des sites ainsi accessibles, ou des \u00e9ventuelles collectes et transmission de donn\u00e9es personnelles, installation de cookies ou tout autre proc\u00e9d\u00e9 tendant aux m\u00eames fins, effectu\u00e9s par ces sites.<br \/>\nTout site public ou priv\u00e9 est autoris\u00e9 \u00e0 \u00e9tablir, sans autorisation pr\u00e9alable, un lien vers le site darnet-design.fr \u00e0 condition :<br \/>\n&#8211; que les pages de darnet-design.com ne soient pas imbriqu\u00e9es \u00e0 l&rsquo;int\u00e9rieur des pages d&rsquo;un autre site.<br \/>\n&#8211; de n&rsquo;utiliser que l&rsquo;URL principale : www.darnet-design.com<\/p>\n<p><strong>Erreurs ou omissions<\/strong><\/p>\n<p>Les entreprises cit\u00e9es dans ce site Web sont pri\u00e9es d&rsquo;avertir par courrier (\u00e9lectronique et\/ou postal) la soci\u00e9t\u00e9 Darnet Design, en cas de modification de leurs coordonn\u00e9es.<\/p>\n<p><strong>Cookies<\/strong><\/p>\n<p>L&rsquo;utilisateur est inform\u00e9, que lors de ses visites sur le site, un cookie peut s&rsquo;installer automatiquement sur son logiciel<br \/>\nde navigation.<br \/>\nLe cookie est un bloc de donn\u00e9es qui ne permet pas d&rsquo;identifier l&rsquo;utilisateur mais sert \u00e0 enregistrer des<br \/>\ninformations relatives \u00e0 la navigation de celui-ci sur le site. L&rsquo;utilisation de ces cookies a pour finalit\u00e9 de proc\u00e9der \u00e0 des analyses de fr\u00e9quentation, mesures d&rsquo;audience\u2026 afin d&rsquo;am\u00e9liorer la qualit\u00e9 du site.<br \/>\nLe param\u00e9trage de logiciel de navigation permet d&rsquo;informer de la pr\u00e9sence du cookie et \u00e9ventuellement de la refuser.<\/p>\n<p><strong>Collecte et traitement des donn\u00e9es personnelles<\/strong><\/p>\n<p>Dans le cadre de la loi du 6 janvier 1978 relative \u00e0 l&rsquo;Informatique, aux fichiers et aux libert\u00e9s, l&rsquo;utilisateur est inform\u00e9 que les informations qu&rsquo;il communique par le biais des formulaires pr\u00e9sents sur le site sont n\u00e9cessaires pour r\u00e9pondre \u00e0 sa demande, et sont destin\u00e9es exclusivement \u00e0 la soci\u00e9t\u00e9 Darnet Design, qui s&rsquo;engage \u00e0 ne pas les transmettre \u00e0 des tiers.<br \/>\nL&rsquo;utilisateur est inform\u00e9 qu&rsquo;il dispose d&rsquo;un droit d&rsquo;acc\u00e8s et de rectification portant sur les donn\u00e9es le concernant aupr\u00e8s de Darnet Design &#8211; 37, quai de Versailles &#8211; 44000 Nantes. Si l&rsquo;utilisateur<br \/>\nne souhaite plus recevoir de nouvelles sollicitations, il convient qu&rsquo;il en fasse la demande aupr\u00e8s de la soci\u00e9t\u00e9 Darnet Design.<\/p>\n<p><strong>A propos du site www.darnet-design.com<\/strong><\/p>\n<p>Le site darnet-design.com est la propri\u00e9t\u00e9 de<br \/>\nDarnet Design<br \/>\n37, quai de Versailles<br \/>\n44000 Nantes<\/p>\n<p>RCS Nantes 520 817 206 &#8211; TVA FR74 520 817 206<\/p>\n<p>[\/et_pb_text][\/et_pb_column][\/et_pb_row][\/et_pb_section][et_pb_section admin_label=\u00a0\u00bbSection\u00a0\u00bb global_module=\u00a0\u00bb1066&Prime; background_image=\u00a0\u00bbhttps:\/\/www.darnet-design.com\/yacht-design\/wp-content\/uploads\/2016\/09\/fond_contact.jpg\u00a0\u00bb transparent_background=\u00a0\u00bboff\u00a0\u00bb allow_player_pause=\u00a0\u00bboff\u00a0\u00bb inner_shadow=\u00a0\u00bboff\u00a0\u00bb parallax=\u00a0\u00bbon\u00a0\u00bb parallax_method=\u00a0\u00bboff\u00a0\u00bb padding_mobile=\u00a0\u00bboff\u00a0\u00bb make_fullwidth=\u00a0\u00bboff\u00a0\u00bb use_custom_width=\u00a0\u00bboff\u00a0\u00bb width_unit=\u00a0\u00bbon\u00a0\u00bb make_equal=\u00a0\u00bboff\u00a0\u00bb use_custom_gutter=\u00a0\u00bboff\u00a0\u00bb fullwidth=\u00a0\u00bboff\u00a0\u00bb specialty=\u00a0\u00bboff\u00a0\u00bb module_id=\u00a0\u00bbaccueil_contact\u00a0\u00bb disabled=\u00a0\u00bboff\u00a0\u00bb background_color=\u00a0\u00bb#ffffff\u00a0\u00bb][et_pb_row global_parent=\u00a0\u00bb1066&Prime; admin_label=\u00a0\u00bbLigne\u00a0\u00bb make_fullwidth=\u00a0\u00bboff\u00a0\u00bb use_custom_width=\u00a0\u00bboff\u00a0\u00bb width_unit=\u00a0\u00bboff\u00a0\u00bb custom_width_px=\u00a0\u00bb1080px\u00a0\u00bb custom_width_percent=\u00a0\u00bb80%\u00a0\u00bb use_custom_gutter=\u00a0\u00bboff\u00a0\u00bb gutter_width=\u00a0\u00bb1&Prime; padding_mobile=\u00a0\u00bboff\u00a0\u00bb allow_player_pause=\u00a0\u00bboff\u00a0\u00bb parallax=\u00a0\u00bboff\u00a0\u00bb parallax_method=\u00a0\u00bbon\u00a0\u00bb make_equal=\u00a0\u00bboff\u00a0\u00bb column_padding_mobile=\u00a0\u00bbon\u00a0\u00bb parallax_1=\u00a0\u00bboff\u00a0\u00bb parallax_method_1=\u00a0\u00bbon\u00a0\u00bb parallax_2=\u00a0\u00bboff\u00a0\u00bb parallax_method_2=\u00a0\u00bbon\u00a0\u00bb parallax_3=\u00a0\u00bboff\u00a0\u00bb parallax_method_3=\u00a0\u00bbon\u00a0\u00bb parallax_4=\u00a0\u00bboff\u00a0\u00bb parallax_method_4=\u00a0\u00bbon\u00a0\u00bb disabled=\u00a0\u00bboff\u00a0\u00bb][et_pb_column type=\u00a0\u00bb4_4&Prime;][et_pb_text global_parent=\u00a0\u00bb1066&Prime; admin_label=\u00a0\u00bbCONTACT\u00a0\u00bb background_layout=\u00a0\u00bblight\u00a0\u00bb text_orientation=\u00a0\u00bbcenter\u00a0\u00bb module_class=\u00a0\u00bbfontfuturacelight\u00a0\u00bb text_font=\u00a0\u00bbOpen Sans||||\u00a0\u00bb text_font_size=\u00a0\u00bb50&Prime; text_text_color=\u00a0\u00bb#ffffff\u00a0\u00bb use_border_color=\u00a0\u00bboff\u00a0\u00bb border_style=\u00a0\u00bbsolid\u00a0\u00bb custom_margin=\u00a0\u00bb||50px|\u00a0\u00bb disabled=\u00a0\u00bboff\u00a0\u00bb border_color=\u00a0\u00bb#ffffff\u00a0\u00bb] CONTACT [\/et_pb_text][et_pb_text global_parent=\u00a0\u00bb1066&Prime; admin_label=\u00a0\u00bbAdresse Bureau\u00a0\u00bb background_layout=\u00a0\u00bblight\u00a0\u00bb text_orientation=\u00a0\u00bbleft\u00a0\u00bb text_font_size=\u00a0\u00bb18&Prime; text_text_color=\u00a0\u00bb#ffffff\u00a0\u00bb use_border_color=\u00a0\u00bboff\u00a0\u00bb border_style=\u00a0\u00bbsolid\u00a0\u00bb custom_margin=\u00a0\u00bb||50px|\u00a0\u00bb disabled=\u00a0\u00bboff\u00a0\u00bb border_color=\u00a0\u00bb#ffffff\u00a0\u00bb disabled_on=\u00a0\u00bbon|on|\u00a0\u00bb custom_margin_last_edited=\u00a0\u00bbon|tablet\u00a0\u00bb]<\/p>\n<p style=\"text-align: center;\"><span style=\"font-size: 14pt;\">DARNET DESIGN<\/span><\/p>\n<p style=\"text-align: center;\">\n<div class='one_half'>\n\t\t\t\t\t<p style=\"text-align: right; padding-bottom: 5px;\">37, quai de Versailles<\/p>\n<p style=\"text-align: right; padding-bottom: 5px;\">44000 Nantes &#8211; France<\/p>\n\t\t\t\t<\/div> <div class='one_half et_column_last'>\n\t\t\t\t\t<p style=\"text-align: left; padding-bottom: 5px;\">T\u00e9l. : 02 40 08 06 37<\/p>\n<p style=\"text-align: left; padding-bottom: 5px;\">contact@darnet-design.com<\/p>\n\t\t\t\t<\/div><div class='clear'><\/div> [\/et_pb_text][et_pb_text global_parent=\u00a0\u00bb1066&Prime; admin_label=\u00a0\u00bbAdresse Tablette &amp; Smartphone\u00a0\u00bb background_layout=\u00a0\u00bblight\u00a0\u00bb text_orientation=\u00a0\u00bbleft\u00a0\u00bb text_font_size=\u00a0\u00bb18&Prime; text_text_color=\u00a0\u00bb#ffffff\u00a0\u00bb use_border_color=\u00a0\u00bboff\u00a0\u00bb border_style=\u00a0\u00bbsolid\u00a0\u00bb custom_margin=\u00a0\u00bb||50px|\u00a0\u00bb disabled=\u00a0\u00bboff\u00a0\u00bb border_color=\u00a0\u00bb#ffffff\u00a0\u00bb disabled_on=\u00a0\u00bboff|off|on\u00a0\u00bb custom_margin_last_edited=\u00a0\u00bbon|phone\u00a0\u00bb]<\/p>\n<p style=\"text-align: center;\"><span style=\"font-size: 14pt;\">DARNET DESIGN<\/span><\/p>\n<p style=\"text-align: center;\">37, quai de Versailles &#8211; 44000 Nantes &#8211; France<\/p>\n<p style=\"text-align: center;\">T\u00e9l. : 02 40 08 06 37<\/p>\n<p style=\"text-align: center; padding-bottom: 5px;\">contact@darnet-design.com<\/p>\n<p>[\/et_pb_text][et_pb_contact_form global_parent=\u00a0\u00bb1066&Prime; admin_label=\u00a0\u00bbFormulaire de contact\u00a0\u00bb captcha=\u00a0\u00bbon\u00a0\u00bb email=\u00a0\u00bbcontact@darnet-design.com\u00a0\u00bb use_redirect=\u00a0\u00bboff\u00a0\u00bb success_message=\u00a0\u00bbVotre message a bien envoy\u00e9.\u00a0\u00bb input_border_radius=\u00a0\u00bb0&Prime; module_id=\u00a0\u00bbform_contact\u00a0\u00bb title_text_color=\u00a0\u00bb#ffffff\u00a0\u00bb use_border_color=\u00a0\u00bboff\u00a0\u00bb border_color=\u00a0\u00bb#ffffff\u00a0\u00bb border_style=\u00a0\u00bbsolid\u00a0\u00bb custom_button=\u00a0\u00bbon\u00a0\u00bb button_text_color=\u00a0\u00bb#000000&Prime; button_bg_color=\u00a0\u00bb#ffffff\u00a0\u00bb button_border_width=\u00a0\u00bb0&Prime; button_border_radius=\u00a0\u00bb0&Prime; button_letter_spacing=\u00a0\u00bb0&Prime; button_use_icon=\u00a0\u00bbdefault\u00a0\u00bb button_icon_placement=\u00a0\u00bbright\u00a0\u00bb button_on_hover=\u00a0\u00bbon\u00a0\u00bb button_border_radius_hover=\u00a0\u00bb0&Prime; button_letter_spacing_hover=\u00a0\u00bb0&Prime; custom_css_text_field=\u00a0\u00bbcolor:#ffffff;\u00a0\u00bb custom_css_captcha_label=\u00a0\u00bbcolor:#ffffff;\u00a0\u00bb disabled=\u00a0\u00bboff\u00a0\u00bb] [et_pb_contact_field field_id=\u00a0\u00bbName\u00a0\u00bb field_title=\u00a0\u00bbNom\u00a0\u00bb field_type=\u00a0\u00bbinput\u00a0\u00bb required_mark=\u00a0\u00bbon\u00a0\u00bb fullwidth_field=\u00a0\u00bboff\u00a0\u00bb input_border_radius=\u00a0\u00bb0&Prime; form_field_font=\u00a0\u00bb||||\u00a0\u00bb use_border_color=\u00a0\u00bboff\u00a0\u00bb border_style=\u00a0\u00bbsolid\u00a0\u00bb disabled=\u00a0\u00bboff\u00a0\u00bb][\/et_pb_contact_field][et_pb_contact_field field_id=\u00a0\u00bbTel\u00a0\u00bb field_title=\u00a0\u00bbT\u00e9l\u00e9phone\u00a0\u00bb field_type=\u00a0\u00bbinput\u00a0\u00bb required_mark=\u00a0\u00bboff\u00a0\u00bb fullwidth_field=\u00a0\u00bboff\u00a0\u00bb input_border_radius=\u00a0\u00bb0&Prime; form_field_font=\u00a0\u00bb||||\u00a0\u00bb use_border_color=\u00a0\u00bboff\u00a0\u00bb border_style=\u00a0\u00bbsolid\u00a0\u00bb disabled=\u00a0\u00bboff\u00a0\u00bb][\/et_pb_contact_field][et_pb_contact_field field_id=\u00a0\u00bbSociete\u00a0\u00bb field_title=\u00a0\u00bbSoci\u00e9t\u00e9\u00a0\u00bb field_type=\u00a0\u00bbinput\u00a0\u00bb required_mark=\u00a0\u00bboff\u00a0\u00bb fullwidth_field=\u00a0\u00bboff\u00a0\u00bb input_border_radius=\u00a0\u00bb0&Prime; form_field_font=\u00a0\u00bb||||\u00a0\u00bb use_border_color=\u00a0\u00bboff\u00a0\u00bb border_style=\u00a0\u00bbsolid\u00a0\u00bb disabled=\u00a0\u00bboff\u00a0\u00bb][\/et_pb_contact_field][et_pb_contact_field field_id=\u00a0\u00bbEmail\u00a0\u00bb field_title=\u00a0\u00bbAdresse e-mail\u00a0\u00bb field_type=\u00a0\u00bbemail\u00a0\u00bb required_mark=\u00a0\u00bbon\u00a0\u00bb fullwidth_field=\u00a0\u00bboff\u00a0\u00bb input_border_radius=\u00a0\u00bb0&Prime; form_field_font=\u00a0\u00bb||||\u00a0\u00bb use_border_color=\u00a0\u00bboff\u00a0\u00bb border_style=\u00a0\u00bbsolid\u00a0\u00bb disabled=\u00a0\u00bboff\u00a0\u00bb][\/et_pb_contact_field][et_pb_contact_field field_id=\u00a0\u00bbMessage\u00a0\u00bb field_title=\u00a0\u00bbMessage\u00a0\u00bb field_type=\u00a0\u00bbtext\u00a0\u00bb required_mark=\u00a0\u00bbon\u00a0\u00bb fullwidth_field=\u00a0\u00bbon\u00a0\u00bb input_border_radius=\u00a0\u00bb0&Prime; form_field_font=\u00a0\u00bb||||\u00a0\u00bb use_border_color=\u00a0\u00bboff\u00a0\u00bb border_style=\u00a0\u00bbsolid\u00a0\u00bb disabled=\u00a0\u00bboff\u00a0\u00bb][\/et_pb_contact_field] [\/et_pb_contact_form][\/et_pb_column][\/et_pb_row][\/et_pb_section][et_pb_section admin_label=\u00a0\u00bbSection\u00a0\u00bb global_module=\u00a0\u00bb2392&Prime; transparent_background=\u00a0\u00bboff\u00a0\u00bb allow_player_pause=\u00a0\u00bboff\u00a0\u00bb inner_shadow=\u00a0\u00bboff\u00a0\u00bb parallax=\u00a0\u00bboff\u00a0\u00bb parallax_method=\u00a0\u00bboff\u00a0\u00bb padding_mobile=\u00a0\u00bboff\u00a0\u00bb make_fullwidth=\u00a0\u00bboff\u00a0\u00bb use_custom_width=\u00a0\u00bboff\u00a0\u00bb width_unit=\u00a0\u00bbon\u00a0\u00bb make_equal=\u00a0\u00bboff\u00a0\u00bb use_custom_gutter=\u00a0\u00bboff\u00a0\u00bb fullwidth=\u00a0\u00bbon\u00a0\u00bb specialty=\u00a0\u00bboff\u00a0\u00bb disabled=\u00a0\u00bboff\u00a0\u00bb][et_pb_fullwidth_code global_parent=\u00a0\u00bb2392&Prime; admin_label=\u00a0\u00bbGoogle maps\u00a0\u00bb disabled=\u00a0\u00bboff\u00a0\u00bb]&lt;div class=\u00a0\u00bboverlay\u00a0\u00bb onClick=\u00a0\u00bbstyle.pointerEvents=&rsquo;none'\u00a0\u00bb&gt;&lt;iframe src=\u00a0\u00bbhttps:\/\/www.google.com\/maps\/embed?pb=!1m18!1m12!1m3!1d2774530.4465820617!2d-3.797774654428434!3d47.22631812216288!2m3!1f0!2f0!3f0!3m2!1i1024!2i768!4f13.1!3m3!1m2!1s0x4805ee9ec34f8e91%3A0xb6d012fb610addfb!2s37+Quai+de+Versailles%2C+44000+Nantes!5e0!3m2!1sfr!2sfr!4v1475669575565&Prime; width=\u00a0\u00bb100%\u00a0\u00bb height=\u00a0\u00bb450&Prime; frameborder=\u00a0\u00bb0&Prime; style=\u00a0\u00bbborder:0&Prime; allowfullscreen&gt;&lt;\/iframe&gt;&lt;\/div&gt;[\/et_pb_fullwidth_code][\/et_pb_section]<\/p>\n","protected":false},"excerpt":{"rendered":"<p>MENTIONS LEGALES Conditions g\u00e9n\u00e9rales d&rsquo;utilisation L&rsquo;utilisation de ce site Web constitue votre acceptation des conditions g\u00e9n\u00e9rales et mentions d&rsquo;avertissement. Vous vous engagez \u00e0 ne pas utiliser ce site \u00e0 des fins illicites ou interdites par les lois ou par les mentions l\u00e9gales et contractuelles. Pour contacter le WebMaster si vous avez rep\u00e9r\u00e9 une anomalie ou [&hellip;]<\/p>\n","protected":false},"author":1,"featured_media":0,"parent":0,"menu_order":0,"comment_status":"closed","ping_status":"closed","template":"","meta":{"_et_pb_use_builder":"on","_et_pb_old_content":"","_et_gb_content_width":"","footnotes":""},"class_list":["post-1035","page","type-page","status-publish","hentry"],"_links":{"self":[{"href":"https:\/\/www.darnet-design.com\/yacht-design\/wp-json\/wp\/v2\/pages\/1035","targetHints":{"allow":["GET"]}}],"collection":[{"href":"https:\/\/www.darnet-design.com\/yacht-design\/wp-json\/wp\/v2\/pages"}],"about":[{"href":"https:\/\/www.darnet-design.com\/yacht-design\/wp-json\/wp\/v2\/types\/page"}],"author":[{"embeddable":true,"href":"https:\/\/www.darnet-design.com\/yacht-design\/wp-json\/wp\/v2\/users\/1"}],"replies":[{"embeddable":true,"href":"https:\/\/www.darnet-design.com\/yacht-design\/wp-json\/wp\/v2\/comments?post=1035"}],"version-history":[{"count":17,"href":"https:\/\/www.darnet-design.com\/yacht-design\/wp-json\/wp\/v2\/pages\/1035\/revisions"}],"predecessor-version":[{"id":3033,"href":"https:\/\/www.darnet-design.com\/yacht-design\/wp-json\/wp\/v2\/pages\/1035\/revisions\/3033"}],"wp:attachment":[{"href":"https:\/\/www.darnet-design.com\/yacht-design\/wp-json\/wp\/v2\/media?parent=1035"}],"curies":[{"name":"wp","href":"https:\/\/api.w.org\/{rel}","templated":true}]}}